0 = -3*m - b - 7. Let k be 18/1*m/(-9). Calculate the highest common divisor of 18 and k.
6
Let p(m) = 5*m**3 - 29*m**2 - 7*m + 18. Let o be p(10). What is the highest common divisor of 32 and o?
32
Let r be 6912/63 + (-6)/(-21). Suppose r = -j - 3. Let x = 115 + j. What is the greatest common divisor of 22 and x?
2
Let i(u) = -2947*u**3 - 12*u**2 - 11*u. Let n be i(-1). What is the highest common factor of 42 and n?
6
Suppose -41 = -4*i + 2*n + 21, -3*i + 5*n = -43. Suppose 0 = 5*d + 8*d. Suppose 0 = 4*u - d*u - 32. What is the highest common factor of u and i?
8
Let c(t) = -157*t + 610. Let g be c(-22). What is the greatest common divisor of 24 and g?
8
Suppose -74*l = 59*l - 3967 - 2018. Let u(y) = 3*y**2 + 9*y + 9. Let m be u(-6). Calculate the greatest common factor of l and m.
9
Let o(b) = b**3 - 9*b + 11. Let t be o(4). What is the highest common divisor of 1664 and t?
13
Let o be (-270)/(-63) + 4/(-14). Suppose 4*v + v - 294 = -3*t, o*t - 5*v - 357 = 0. Calculate the highest common divisor of 155 and t.
31
Suppose 0 = -b - 5*q + 19, 0 = 2*b + 5*q - 25 - 3. Let r be ((-1 + 0)*-2)/(b/765). Calculate the greatest common divisor of 10 and r.
10
Let l be (-9)/6 - 533/(-26). Suppose 0 = l*d - 11*d - 40. Let x(h) = 9*h. Let u be x(5). Calculate the highest common factor of d and u.
5
Suppose 7*u - 340 = 2*u. Let y be 48/(-108) - 4912/(-36). What is the highest common divisor of u and y?
68
Let i(n) = 654*n + 666. Let t be i(5). What is the highest common divisor of t and 123?
123
Let v = 5963 - 5581. What is the greatest common factor of 5157 and v?
191
Let t be (-9590)/(-84) + (-1)/6. Suppose 30*x + 36*x - 198 = 0. What is the highest common factor of x and t?
3
Let b be (0 - 2) + 0 - -4. Let q be ((-6)/(-3))/b - -1. Let w be (-4)/(-48) - (-7 + 25/12). Calculate the highest common factor of w and q.
1
Let m be -4*(-168)/128*(-284)/(-3). Suppose 0 = -4*r + g + 1098, -4*g = -2*r + m + 45. What is the greatest common factor of 11 and r?
11
Let z = 680 - 598. Calculate the greatest common divisor of 2911 and z.
41
Suppose -7*s - 22*s + 733229 = 8*s. Calculate the highest common factor of s and 149.
149
Let l = -10312 - -10544. What is the highest common divisor of 26216 and l?
232
Let a be 3/(-18) + (-46)/12 - -141. Let b be -3*(3 - (-7)/(-3)) + a. What is the highest common divisor of b and 15?
15
Suppose -6083*q + 6079*q = -22916. Calculate the greatest common factor of 17 and q.
17
Suppose -14*v + 6*v = -64. Let g be 169/1 + (9 - v). What is the highest common divisor of 34 and g?
34
Let w = -84 + 88. Suppose 0 = -z - 5 + w. Let v be (14 - z)*48/30. What is the greatest common factor of v and 12?
12
Let b = 14 - -7. Suppose 7*k + 0*k = b. Suppose -k*d - 5*n + 508 = 0, d = 3*n + 76 + 98. Calculate the greatest common divisor of 19 and d.
19
Suppose -2 = 2*a, 15*a - 17*a - 14 = -3*s. Suppose -1484 = -s*j - 1372. Calculate the greatest common divisor of 1204 and j.
28
Let g be 144 + (1 - 4) + -5. Let x = 192 - g. Calculate the greatest common factor of 252 and x.
28
Suppose 6 = 2*q + q, 4*u + 3*q = 206. Suppose -2*d - 2*k = -265 + 971, 1089 = -3*d + 3*k. Let b = d - -368. Calculate the greatest common divisor of u and b.
10
Suppose -3*n + 60 = 5*r, -14*r + 15*r - 46 = -4*n. Calculate the highest common factor of n and 3590.
10
Suppose -2150 + 30781 = 225*y - 24019. Calculate the highest common divisor of 2158 and y.
26
Suppose 4*t + 231 - 717 = -5*m, -4*t = -5*m - 466. What is the greatest common divisor of t and 612?
17
Suppose -y = -5 + 26. Suppose o + 30 = -o. Let u be ((-27)/o)/(y/(-140)). What is the greatest common divisor of 30 and u?
6
Suppose -l = 2*l. Suppose -4*b - b + 70 = l. Let q(c) = -103*c**2 + 484*c - 523. Let i be q(3). Calculate the greatest common factor of b and i.
2
Let a(i) = -7*i**3 + 3*i**2 + 11*i. Let p be a(-2). Let w = p - -119. Calculate the greatest common factor of 110 and w.
55
Let f = -194 + 207. Let s(i) = -464*i + 8. Let d be s(-2). What is the highest common divisor of d and f?
13
Let h be ((-4)/3)/((-5)/(-30)). Let c = 13 - h. Let b(y) = -y + 143. Let r be b(-4). Calculate the greatest common divisor of r and c.
21
Suppose f + 4*d = 43, -2*d + 73 = 3*f - 4*d. Let q(a) = 10*a**2 + 8*a - 24. Let x be q(3). Calculate the greatest common factor of x and f.
9
Suppose 2530 = 10*l + 19*l - 6*l. Calculate the highest common factor of 20845 and l.
55
Let y be ((-38376)/369)/(8/(-10)). Let a(n) = n**2 + 11*n + 14. Let r be a(-12). Calculate the highest common divisor of r and y.
26
Let p be 3 - 9*4/12. Suppose p = -14*v + 9*v + 1425. Suppose 2*j = 37 + v. What is the highest common factor of j and 23?
23
Let k be (-3)/(-9) - 126/(-27). Suppose -5*m + 2706 + 1346 = -3*o, -k*m - o = -4036. What is the greatest common divisor of 101 and m?
101
Suppose -16807 - 3874 = -12*x + 1207. What is the highest common divisor of 672 and x?
96
Let d be (2 - 16/12) + (-56)/(-6). Let x be 192/9*15/d. What is the greatest common factor of x and 48?
16
Let d(r) = 43*r - 4. Let v be d(10). Let c = 796 - v. Calculate the highest common factor of c and 10.
10
Suppose 35*g - 23*g = 2136. Suppose g*z = 177*z + 144. What is the highest common divisor of z and 36?
36
Suppose -12*r + 109663 = -44393. What is the highest common divisor of r and 786?
262
Let t(a) = 2*a**2 - 152*a + 794. Let p be t(71). Calculate the highest common factor of p and 1092.
84
Let i(k) = 2*k**2 - 71*k + 483. Let y be i(7). What is the greatest common factor of y and 192?
12
Let w(o) = o**3 + 25*o**2 + 106*o - 36. Let p be w(-6). Let y(t) = t**3 + 3*t**2 - 3*t - 3. Let j be y(3). What is the highest common factor of j and p?
6
Let r(w) = 9*w - 69. Let z(p) = -2*p - 1. Let o(u) = -r(u) - 6*z(u). Let m be o(-18). Calculate the greatest common divisor of m and 63.
21
Suppose p + 5*z = -2*p + 28, z - 2 = 0. Suppose 0 = -j + 7*j - 90. Let g be (-6 - j/(-2))/((-1)/(-6)). What is the highest common divisor of p and g?
3
Suppose 1169*v = 1111*v + 12876. What is the greatest common divisor of v and 9435?
111
Let p be (5 + 0)*(11 - 0). Let f = p + -43. Suppose -15*j + f*j = -12. Calculate the greatest common factor of 4 and j.
4
Let k be 12/8 + 48411/6. Let h be k/63*3 + (-2)/7. What is the greatest common factor of h and 12?
12
Suppose -53*v + 54*v - 4*c = 24, -2*v - c = -66. Calculate the greatest common divisor of 304 and v.
16
Suppose -3*o = y - 29, 3*o = -5*y + 3 - 2. What is the highest common divisor of o and 1434?
6
Let v = 642 + -426. Let n = v - 184. Calculate the greatest common divisor of 160 and n.
32
Let y be (-1)/((-3)/105) - -2. Suppose -40*b + 29*b = -30*b + 703. Calculate the highest common divisor of b and y.
37
Suppose -3*h - 9*h + 296 = -52. What is the greatest common divisor of 3161 and h?
29
Let f(b) = b**2 - 8*b - 13. Let d be f(10). Let i be 20/(-70) - (-177)/d. Let s = 230 - 130. Calculate the highest common factor of s and i.
25
Let z = 185 - 185. Suppose 9*a - 54 - 81 = z. Calculate the greatest common divisor of 24 and a.
3
Let y = -421 - -428. Suppose 2*g = y*g - 4*w - 51, 3*g - w - 25 = 0. What is the highest common factor of g and 21?
7
Suppose -60 = 13*r - 7*r. Let t(o) = -o**2 + 7*o - 27. Let w be t(r). Let u = 368 + w. Calculate the greatest common divisor of u and 19.
19
Let p = -22 + 66. Let k(i) = 110 + 7*i - 4*i + i. Let j be k(0). What is the highest common factor of j and p?
22
Let f = 3088 + -1909. What is the greatest common divisor of 18 and f?
9
Suppose 3*a + 128 - 125 = 0. Let t be (a + 0)/((-15)/210). Calculate the highest common factor of 2 and t.
2
Let m(x) = x**3 - 5*x**2 + 9. Let b be m(5). Let j = 39 - 41. Let u(h) = -4*h - 7. Let l be u(j). Calculate the highest common factor of l and b.
1
Let q(m) = m**3 - 18*m**2 - 41*m + 17. Let t be q(20). Let y be (1 - 62/t) + 68/(-102). Calculate the greatest common divisor of 21 and y.
21
Let u = 64 - 40. Let d = 119 - 114. Suppose -r + 31 = -d*v - 22, -5*v = 5*r - 235. Calculate the greatest common divisor of r and u.
24
Suppose -2080*c + 13200 = -1980*c. What is the highest common factor of c and 7084?
44
Let o = 28 - 20. Suppose o = -71*n + 73*n. Suppose 3*t - 3 = -n*f + 2, -5*f + 50 = -5*t. Calculate the greatest common factor of f and 75.
5
Suppose 8*o - 313 = -113. Suppose 27